2)/(-8) - 0). Suppose j = 4*h - 6617, o*h - 4953 = 8*j - 4*j. Is h prime?
False
Let a(s) = 3 - 9 + 637*s + 2. Suppose -14 = v + 5*r, -2*v + 3*r + 14 = 3. Is a(v) a composite number?
True
Let o = -1736 + 3312. Let b = o - 989. Is b a composite number?
False
Let h(s) = -322*s - 21. Let f = 41 - 46. Let d be h(f). Let t = d + -916. Is t a composite number?
False
Let y be 4/10*(-45)/(-18). Let r(w) = w + 1. Let m(b) = 171*b + 38. Let z(n) = y*m(n) - 5*r(n). Is z(10) a composite number?
False
Let p(m) = 19*m + 2. Let o be p(0). Suppose -o*u + 3*g = -4208, -4*u + 3*g - 4990 = -13400. Is u a composite number?
True
Let h be 4/((-4)/1655)*(-3)/5. Let y = h - -56. Is y a prime number?
True
Let m(r) = -334*r + 1. Let a be 30/(-7) - (-6)/21. Is m(a) a prime number?
False
Let c = 120104 - -24338. Is c a composite number?
True
Suppose -7*l - 113926 = -5*l. Let w = 89046 + l. Is w composite?
False
Let p = 1933 + 61. Suppose -9337 + p = -7*x. Is x a composite number?
False
Let o be 0 + 15/10 + 298/4. Let d = 137 - o. Let u = d + -26. Is u a prime number?
False
Let i(p) = -10052*p**3 - 11*p**2 + 13*p - 34. Let m(g) = 5026*g**3 + 6*g**2 - 6*g + 17. Let d(f) = -3*i(f) - 5*m(f). Is d(2) a prime number?
False
Is 1045135/39 + (-24)/18 composite?
True
Let o(y) = -2492*y - 127. Suppose g + 23 = -4*m, -2*g - 17 + 6 = 3*m. Is o(m) composite?
False
Suppose 3*r = 3*q - 924657, 4*q - 1257046 + 24200 = -r. Is q prime?
True
Suppose 34*v = 51*v - 588727. Suppose 7*l - 41550 = v. Is l prime?
True
Suppose -y - 4*y + 496 = 4*m, m - 5*y - 124 = 0. Suppose 5*r - r - m = 0. Suppose -r*x = -34*x + 3585. Is x a composite number?
True
Is (-1)/((18/1653813)/(-2)) a composite number?
True
Suppose 3*o + 2*o - 18750 = -y, 18768 = y - o. Suppose -2*f + 19848 = c, -2*c + y = 3*f - 11008. Is f a composite number?
False
Suppose -5*j - d = -902463, -4*d + 541471 = 4*j - j. Is j a prime number?
False
Suppose 0 = -4*l, -6*w = -8*w + 5*l. Is (-1 + w)*(-1782 + 19) composite?
True
Let g = -7239 - -4263. Let b = g + 33539. Is b a composite number?
True
Let d = 33 - 28. Suppose 3*i - 605 = -4*z + 114, 0 = -d*i + z + 1183. Is (-10)/4*(-8)/30*i a composite number?
True
Is (-642)/(-856) - 2193298/(-8) prime?
True
Suppose 53*i - 43*i = 60. Suppose 11*r = i*r + 101815. Is r prime?
False
Let a(u) = -2*u**2 + 9*u + 11. Let c be a(8). Let w be (-1 - -2)/(25/(-12075)). Is w*(-5)/c*-3 a prime number?
False
Suppose -20 - 1 = -7*y. Suppose -2*o + g + 17772 + 30679 = 0, 0 = -y*o + 2*g + 72675. Is o composite?
True
Suppose 2*l + 1 = l, -4*x = 2*l + 810. Is x*-51*1/6 prime?
False
Let y(n) = 2870*n**3 - 2*n**2 + 4*n + 5. Let g(k) = 4*k + 31. Let s be g(-8). Let l be y(s). Let v = l + 4045. Is v prime?
False
Let x(h) = 70 + 8*h**2 + 23 + 8*h**2 - 14*h**2 - 38*h. Is x(29) a prime number?
True
Let p = 21 + -18. Let q be 24/8*6/p. Suppose -q*g - r = -g - 1584, 2*r - 632 = -2*g. Is g prime?
True
Let l be -9 + (90 - 3 - -3). Let t = 568 - l. Is t prime?
True
Let h = -91 - -112. Suppose -h*q = -19*q - 5162. Is q a composite number?
True
Let r be 0 + -5 + (4 - 1). Let m(c) = 322*c**2 + 5. Is m(r) prime?
False
Let w = -56 - 292. Suppose 0*t - 631 = -a - 4*t, -3*t = 2*a - 1237. Let y = w + a. Is y a prime number?
True
Is (-1 - (3 + 4)) + 7987 a prime number?
False
Let d(w) = 95*w**2 - 19*w - 31. Suppose 5*p + 51 = 3*m - 7*m, 4*m = -4*p - 44. Is d(p) prime?
False
Let i(y) = 1 - 129*y**2 + 74*y**2 + 5*y**3 + 16 + 45*y + 36. Is i(22) a composite number?
True
Suppose o = t - 66740 - 1963, 0 = -2*o + 8. Is t prime?
False
Suppose 65*j + 28326 = 71*j. Is j composite?
False
Let j(u) = 21*u**2 - 36*u - 248. Is j(43) composite?
True
Suppose 5*w - 12985 - 240 = 0. Let a = 6694 - w. Is a composite?
False
Let q(x) = x**3 + 8*x**2 - 10*x - 8. Let v be q(-9). Suppose 3*b - 2*h + v = -9, h - 8 = 3*b. Is 1034/(b/(-2) - -1) prime?
False
Is 15 - (-136949 - 12/(-4)) a composite number?
True
Suppose -2721309 = -8*a + 1671659. Is a prime?
True
Let p(g) be the second derivative of -3*g**5/4 + g**4/12 - g**2/2 - 15*g. Let a be p(1). Is (-1 - (-5)/(a/(-243))) + 2 a prime number?
False
Let z(t) = -t**3 + 13*t**2 + 15*t - 5. Let o(f) = -f**3 + 17*f**2 - 16*f + 14. Let y be o(16). Suppose 17*n - y*n = 30. Is z(n) prime?
False
Suppose -439705 - 1968214 - 399557 = -28*b. Is b composite?
False
Let j = 1 + 9. Suppose j = 8*g - 6*g. Suppose 0 = 2*m + g*y - 339, 2*m + 4*y = -0*m + 334. Is m prime?
True
Let l be 4/14*(-4 - 3)*-2. Is 760/l + 7 + -10 a prime number?
False
Suppose -27*g + 298380 = -1454434 - 204497. Is g a composite number?
False
Let m(l) = -3*l**2 + l + 1. Let w = 119 + -120. Let d be m(w). Let k(h) = 228*h**2 + 3*h - 4. Is k(d) a prime number?
True
Let x(u) = 2966*u - 9. Let i = 37 + -35. Is x(i) a prime number?
True
Suppose 0 = -4*a - 2*w + 31238, 4*a - 7*w = 41530 - 10337. Is a a composite number?
True
Let g(y) = 258020*y + 4. Let c be g(1). Suppose c = 23*j - 99557. Is j prime?
False
Let p be (4 + (-11 - -4))/((-3)/4). Let j be (804/(-9))/((-1)/3). Suppose -p*q + j = -1368. Is q composite?
False
Is 8/(240/21084825)*2 a composite number?
True
Let l = 1050988 + -406875. Is l a composite number?
True
Suppose 0 = 4*v - 5*g + 11 + 5, 5*v + 5*g = -20. Let f(l) = 0*l**3 + 0*l**3 + 4*l**2 + l**3 + 2 - 3 - 5*l. Is f(v) prime?
True
Let i be 2 + ((-8)/6)/((-3)/9). Let l be (((-32)/i)/(-4))/(4/12). Suppose 0 = -4*n - r + l*r + 3599, -2*r - 3598 = -4*n. Is n composite?
True
Let c = 24 + -28. Is 4/8*-1 + (-13510)/c prime?
False
Let u = -6285 + 65282. Is u prime?
True
Let b = -231 - -235. Suppose 323 = -q - 2*p + 1182, -p = -b*q + 3400. Is q composite?
True
Suppose -3*n - l + 29 = -0*l, 3*n - 3*l - 9 = 0. Suppose -5*k = -n*y + 3*y + 45, 4*y - 21 = k. Suppose 0 = y*a + o - 6095, o + 1538 = a + 6*o. Is a composite?
False
Let y be ((30/9)/5)/(2/3). Suppose 4*q + n - 265 = -2*n, -y = n. Let s = q - -279. Is s composite?
True
Let x = 877 + -874. Suppose -2*c + 104 = -4294. Suppose 4*m = -5*p - 0*p + 2921, x*m - c = -p. Is m a composite number?
True
Let q = 79312 + -31421. Is q composite?
True
Let k(b) = 23900*b**2 - 17*b + 37. Is k(2) a composite number?
False
Let w = 11 + -7. Suppose 0 = w*v - 2*p - 2456, 0 = 5*v + 6*p - p - 3070. Is v prime?
False
Is 22/660*-18 - 185818/(-5) prime?
False
Suppose 6751832 = -55*x + 243*x. Is x a prime number?
False
Let s = 86452 + -47459. Is s prime?
True
Let d = -340360 - -721301. Is d composite?
True
Let t(b) = 4*b - 41. Let q be t(11). Suppose -38 = -4*s - q*a, 6*s - 5*a - 30 = s. Suppose -4*g = -s*g + 1628. Is g a prime number?
False
Let i = -10739 - 597. Let l = 20947 + i. Is l prime?
False
Let a(s) = 17179*s - 45. Is a(2) prime?
True
Suppose -4*k + 2053 = 5*w, 3*k - 1340 = 5*w + 191. Let a = k + 57. Let r = a - 367. Is r a composite number?
True
Suppose 3*c + 15 = -4*u - 5, -20 = -5*c + 4*u. Suppose 3*h + 4*p = -26, -h - 5*p + 4 + 2 = c. Is (-7)/(h/528) + (-7 - -8) prime?
False
Let c = -75200 + 151197. Is c prime?
True
Let m = -269 + 145. Let v = m - -251. Is v a composite number?
False
Let h = -119 - -6. Let w = h - -109. Is -2*2 - -306*(-22)/w a prime number?
False
Let m(t) = t**2 - 17*t - 20. Let h be m(17). Let q = -21 - h. Is ((-938)/(-2))/((1 - 2)/q) a composite number?
True
Let o = -55 + 63. Suppose 4 = -2*d - o. Is 320/12 - (-4)/d a prime number?
False
Is (675890/4)/((4/(-46))/(48/(-276))) a prime number?
False
Is (-1)/(1/4) - 5/(145/(-87957)) prime?
False
Let h = 1670 - 902. Let r = h - -215. Is r prime?
True
Let f(l) = 2321*l + 102. Suppose 0 = p - 3*p + 10, 10 = m + p. Is f(m) a prime number?
False
Let a(j) = j**3 - 4*j**2 + 6*j - 11. Let l = -310 - -322. Is a(l) prime?
True
Let m be 1/(2 + -1) - (5 + -6). Let n(z) = -984 + 458*z + 991 - 102*z. Is n(m) prime?
True
Let j = 36 + -33. Let a be -2 - j/((-15)/(-6230)). Is (-2)/2 + a/(-3) a composite number?
True
Let r = -57670 + 82555. Suppose r - 124000 = -43*s. Is s composite?
True
Suppose u + 5*i + 13 = 0, 0*i = -3*u - 2*i. Suppose 4*l + 2756 = 4*a, -689 = -3*a + u*a + 4*l. Is a prime?
False
Suppose -3*r - 107 + 43 = -h, 4*h - 36 = r. Let m = 22 + r. Suppose 0 = 5*w + 3*x - m*x - 3208, -5*w - 4*x = -3217. Is w prime?
True
Is 3/21 - (-345342084)/763 composite?
False
Suppose -17*p - 4 = -19*p. Suppose -4*y + 2*z = -2334, -4*y + 3*z = -p*y - 1157. Is y composi